x, j - 3*x - 23 = 0. What is the tens digit of j?
1
What is the thousands digit of (-50128)/((51 + -17)/(-17))?
5
Let w(p) = -p**3 + 3*p**2 - 14*p - 43. Let j be w(-7). Suppose -6*y = -y - j. What is the hundreds digit of y?
1
Let a = 93711 + -60826. What is the tens digit of a?
8
Let r be ((-16)/4)/4*-3. Suppose f - 5*k = 2, 28 = -r*f + 2*k - 18. What is the tens digit of (-76)/(-3) + 6/f?
2
Let u(j) be the third derivative of j**6/120 - 7*j**5/60 - 7*j**4/24 - 23*j**3/6 + 25*j**2 - 2. What is the tens digit of u(13)?
0
Suppose -5*f = -6236 - 3079. Suppose -4*m = -7*q + 5*q + 904, -4*q - 3*m + f = 0. What is the tens digit of q?
6
Let f(i) = 108*i - 92. What is the thousands digit of f(22)?
2
Let k(w) = 57*w + 3833. What is the thousands digit of k(83)?
8
Let o be 0*(-2 - -4)/4. Let j be (1*(o + 1))/(0 + 1). Suppose -4*u = 3*b - j - 48, -29 = -b + 5*u. What is the tens digit of b?
1
Let t(a) = -5*a**2 - 9*a + 46. Let h(y) = 12*y**2 + 16*y - 92. Let z(c) = 3*h(c) + 7*t(c). What is the hundreds digit of z(26)?
3
Let g(b) be the third derivative of -b**4/12 + 107*b**3/6 + 27*b**2. What is the tens digit of g(21)?
6
Suppose 1923 + 5535 = r. What is the tens digit of r?
5
Suppose 0 = -78*f + 82*f + 4*c - 106688, -5*f + 133336 = -c. What is the tens digit of f?
6
What is the tens digit of ((8 - (-18425)/10) + 0)*4?
0
Let s be 3/2*(-5)/(60/(-352)). Let a = s + -1. Suppose j - 63 - a = 0. What is the hundreds digit of j?
1
Suppose 0 = k + 5*w + 12440, -5*w + 31393 - 6588 = -2*k. What is the units digit of 3 + (4/14 - k/35)?
8
Let v(q) = -112*q - 32. Let p be v(4). What is the hundreds digit of -14*19/(532/p)?
2
Suppose 0 - 2 = -t. Let n = 1374 - 1343. Suppose j - 6*l + t*l = 32, 2*j - n = -3*l. What is the tens digit of j?
2
Let h = -7842 - -53275. What is the thousands digit of h?
5
Suppose -924*j = -925*j - 5*n + 66399, -5*n = -4*j + 265771. What is the thousands digit of j?
6
What is the hundreds digit of (-9 - (-9 + -7))*533?
7
Suppose 30*q - 26*q + 41990 = 5*w, -5*w + 42035 = 5*q. What is the units digit of w?
2
Let s = 15 + -1. Suppose -2*l = -3*t + 8, -l + s = t + 4*l. Suppose -287 - 249 = -t*n - 5*u, -242 = -2*n + 4*u. What is the tens digit of n?
2
Let j(q) = 7*q - 17. Let d be j(4). Suppose -1068 + 3411 = d*m. Suppose 12*g - m = 771. What is the tens digit of g?
8
Let v be ((-1)/(-6))/((-7)/(-546)). Suppose 0 = 6*r - v*r + 1043. What is the tens digit of r?
4
Let q = 182 - -249. Suppose -430*v - 1418 = -q*v. What is the units digit of v?
8
Let c(g) = -123*g + 59. Let h(n) = 62*n - 29. Let v(o) = 4*c(o) + 7*h(o). What is the hundreds digit of v(-10)?
6
Let j(n) be the first derivative of -17*n**2/2 + 7*n + 1942. Let a = 0 + -6. What is the hundreds digit of j(a)?
1
Suppose -5*p + 5 = 0, 3*d - 31575 = -163*p + 160*p. What is the hundreds digit of d?
5
Suppose 0 = 4*q - 13*q + 486. Let j = 202 - q. Let i = j - 82. What is the units digit of i?
6
Suppose 8*q + q - 351 = 0. Let n(j) = 49*j - q*j - 41 + 18*j. What is the tens digit of n(6)?
2
Let y be 674*3/15 - 5/(-25). Suppose -4*a + 160 = -3*f - 115, f - y = -2*a. What is the tens digit of a?
6
Suppose v = -5*u + 5249, 690 = -4*u + 674. What is the tens digit of v?
6
Let j(q) be the second derivative of -11*q**3/3 - 37*q**2/2 - 9*q - 1. What is the units digit of j(-19)?
1
Suppose 822 = 3*u + 3*s, -5*u + 12*s - 14*s + 1367 = 0. Suppose -642 = -5*x - p, -2*x + 2*p + u = -3*p. What is the units digit of x?
9
Suppose -3*b = 4*u - 2*u + 77, -4*b = -u - 33. Let r = u + 35. What is the units digit of (0 - (r - -3))*-62?
2
What is the hundreds digit of 3520/(-2464)*(-41532 + 1)?
3
Let x(w) = 4*w + 74. Let q be x(-18). Let o(p) = -65*p - 3. Let l be o(q). Let s = l - -223. What is the tens digit of s?
9
Suppose -7284 - 43494 = -10*v - 12478. What is the hundreds digit of v?
8
Suppose 784444 = 35*o - 924746. What is the units digit of o?
4
Suppose -6*o + 1591156 = 23*o + 55403. What is the tens digit of o?
5
Suppose -g = q - 75457, 128*q + 226363 = 131*q + 2*g. What is the tens digit of q?
4
Let n(f) = -1279*f + 4267. What is the hundreds digit of n(-13)?
8
Suppose 6*y - 1477 = -y. Let q = y - 28. What is the hundreds digit of q?
1
Suppose -5*q = 20, 15*d + 5*q + 31796 = 17*d. What is the thousands digit of d?
5
Suppose 3*z = -2*t + 11, -1 = -2*z - 0*z + 5*t. Let u(p) = -p**3 + 5*p**2 + 6*p + 3. Let n be u(z). Let c = 12 + n. What is the units digit of c?
1
What is the thousands digit of (-1 - 0)/(5*6/(-210810))?
7
Let i(m) = 47*m**2 - 2*m + 1465. What is the units digit of i(-35)?
0
Let i(k) = 15*k**2 - 4*k + 4. Let h be i(1). Let t be 5158/(-6) - (35/h)/7. What is the units digit of (-6)/(5/(t/8))?
9
Let z(c) = -c**3 + c**2 - 2*c - 2. Let b be z(-1). Let w be ((-1976)/16)/(2 + (-5)/b). Suppose 12*a - 17 = w. What is the units digit of a?
2
Suppose 4*d = 2*m - 86, -4*d - 8 = 4*m - 192. Suppose 3*o + 303 - m = 0. Let u = 163 + o. What is the tens digit of u?
7
Let h = -52 + 21. Let q = h - -33. Suppose -n = q*o - 3*n - 8, -20 = -4*n. What is the units digit of o?
9
Suppose -2347*a - 3*g = -2340*a - 581091, 4*a - 332005 = 5*g. What is the hundreds digit of a?
0
Suppose -21*w + 329942 + 424117 = -201546. What is the ten thousands digit of w?
4
Let c(r) = -3*r**2 + 6*r + 18. Let v be c(-7). Let b = v - -241. What is the hundreds digit of ((-21)/b*-48)/((-4)/(-30))?
1
Suppose 2*l - 25330 + 686 = -5*w, 36987 = 3*l + 4*w. What is the hundreds digit of l?
3
Let f(m) = 3*m**2 - 16*m - 129. Let b be ((-140)/(-25))/(4/(-10)). What is the units digit of f(b)?
3
Suppose 0 = -5*a - 2*w + 3*w - 4010, 5*a - 5*w + 4010 = 0. Let i = 1501 + a. What is the units digit of i?
9
Suppose -9*w = -7 - 2. Suppose 116 = 4*m + k, k + 65 = 2*m + w. What is the hundreds digit of ((-177)/(-5) + -3)/(4/m)?
2
Suppose 5*n - 12206 = -b, 3*b - 36492 = -15*n + 18*n. What is the ten thousands digit of b?
1
Let t(i) be the second derivative of -57*i**3/2 - 30*i**2 + 12*i - 4. What is the units digit of t(-4)?
4
Let a(i) = 6033*i**2 - 2*i - 8. Let t be a(2). Suppose -49*o + 9*o = -t. What is the tens digit of o?
0
Let z(y) = 29*y**2 + y + 5. Let o(i) = 28*i**2 - i + 6. Let g(b) = -3*o(b) + 4*z(b). What is the tens digit of g(-3)?
6
Suppose 0 = 3*k - 2 - 1. Suppose 0 = r + 4*g - 8, 4*r - 59*g = -61*g + 4. What is the tens digit of (-1 - r - k)/(22/(-418))?
3
Let y be (-20)/(-8)*(-17 + 569). Let b = -922 + y. What is the units digit of b?
8
Suppose 4*d - 668*w = -667*w + 55269, 5*d + 4*w - 69102 = 0. What is the units digit of d?
8
Let q(m) = 4*m + 2 - 5 + 11*m - 8 - 4*m**2. Let w be q(7). What is the tens digit of ((-20)/(-8))/((-3)/w)?
8
What is the thousands digit of 2595 - (22/11 - -1)?
2
Suppose 0 = 6*i - 8*i + 46. Let n(p) = p**3 + 6*p**2 - 17*p - 22. Let r be n(-6). Suppose -i = -q + r. What is the hundreds digit of q?
1
Let j(q) = -963*q + 4333. What is the units digit of j(-12)?
9
Let q(c) = -3*c**2 - c - 4*c**3 - 2*c**2 + 3 - 6*c. Let r be (-4)/14*(-15 - -1)*-1. What is the tens digit of q(r)?
0
Suppose -7*d - 2 = 159. Let m = 28 + d. Let o(w) = w**3 - 3*w**2 - 6*w + 13. What is the tens digit of o(m)?
3
Suppose -5*r - 2*z + 30 = -r, -2*r = -2*z - 12. What is the tens digit of (-2)/(-2)*r/14*262?
3
Let d(j) = 5*j - 5. Let m be d(2). Suppose s = -0*s + 3, 0 = -m*v - s + 2888. What is the units digit of v?
7
What is the thousands digit of (-204)/(2 - (-1143)/(-558))?
4
Suppose p - 9 = -k, 5*k = 3*p - 15 - 4. Suppose p*x - 592 = 4*x. What is the tens digit of x/(-3)*(-5)/((-50)/(-15))?
7
Suppose 695 = 4*r + 3*t, -8 = -r - 4*t + 169. Suppose -10*n + 683 = r. Suppose 0 = -3*w + 174 + n. What is the tens digit of w?
7
Let w(h) = -1306*h + 1923. What is the units digit of w(-26)?
9
Suppose -5*r + 1718 = -4*n, 16*n + 2125 = 11*n - 5*r. Let t = 576 + n. What is the tens digit of t?
4
Suppose -12*q - 4*q + 9680 = 0. Suppose -4*c + 3417 = q. What is the tens digit of c?
0
Suppose 23*d + 23004 = 59*d. What is the units digit of d?
9
Suppose -4*x = -c - 15363, 62*c = -3*x + 66*c + 11506. What is the tens digit of x?
4
Suppose -v - 2*u - 1034 = -6560, 0 = 3*v - 5*u - 16567. What is the thousands digit of v?
5
Let u = -73 - -93. Suppose 5*w = -4*h - 0*h + u, -h = -5. Suppose 10*v + 757 - 3217 = w. What is the tens digit of v?
4
Let h be 0 + (1